{"id":19,"date":"2016-09-28T18:59:55","date_gmt":"2016-09-28T21:59:55","guid":{"rendered":"http:\/\/127.0.0.1:8080\/cooxupe\/exportacao\/?page_id=19"},"modified":"2021-10-29T16:07:46","modified_gmt":"2021-10-29T19:07:46","slug":"comercializacao","status":"publish","type":"page","link":"https:\/\/www.cooxupe.com.br\/exportacao\/comercializacao\/","title":{"rendered":"Comercializa\u00e7\u00e3o"},"content":{"rendered":"\n\n\t\t\t<img loading='false' src=\"https:\/\/www.cooxupe.com.br\/exportacao\/wp-content\/uploads\/2021\/10\/comercializacao-destaque.jpg\" alt=\"\" \/>\t\t\t\n<h2>\n\t\tcomer<br \/><b>cializa\u00e7\u00e3o<\/b>\n\t<\/h2>\n\t\t\t\t\t<a href=\"#\" id=\"fl-tabs--label-0\" data-index=\"0\" aria-selected=\"true\" aria-controls=\"fl-tabs--panel-0\" aria-expanded=\"true\" role=\"tab\" tabindex=\"0\">\t\t\t\tComercializa\u00e7\u00e3o\t\t\t<\/a>\n\t\t\t\tComercializa\u00e7\u00e3o\n\t\t\t\t\t\t\t<h3>Comercializa\u00e7\u00e3o<\/h3>\n<p>O relacionamento entre Cooxup\u00e9 e seus clientes \u00e9 pautado pela credibilidade e seriedade em todas as opera\u00e7\u00f5es comerciais. L\u00edder brasileira em exporta\u00e7\u00e3o de caf\u00e9, a cada ano o n\u00famero de sacas embarcadas aumenta, elevando a representatividade da cooperativa no mercado global.<\/p>\n<p>A cooperativa mant\u00e9m uma equipe de comercializa\u00e7\u00e3o com larga experi\u00eancia nas negocia\u00e7\u00f5es junto aos cooperados e outra de traders, especializada em atender \u00e0s variadas demandas do mercado externo.<\/p>\n<p> \u00c9tica, responsabilidade nos neg\u00f3cios e honra nos compromissos assumidos fazem parte da hist\u00f3ria e filosofia da Cooxup\u00e9, uma cooperativa preparada para garantir o fornecimento de caf\u00e9 com total seguran\u00e7a nas comercializa\u00e7\u00f5es. Em sua atua\u00e7\u00e3o, a cooperativa possui ainda opera\u00e7\u00f5es na BM&amp;FBovespa e ICE em New York . <\/p>\n\n","protected":false},"excerpt":{"rendered":"<p>comercializa\u00e7\u00e3o Comercializa\u00e7\u00e3o Comercializa\u00e7\u00e3o Comercializa\u00e7\u00e3o O relacionamento entre Cooxup\u00e9 e seus clientes \u00e9 pautado pela credibilidade e seriedade em todas as opera\u00e7\u00f5es comerciais. L\u00edder brasileira em exporta\u00e7\u00e3o de caf\u00e9, a cada ano o n\u00famero de sacas embarcadas aumenta, elevando a representatividade da cooperativa no mercado global. A cooperativa mant\u00e9m uma equipe de comercializa\u00e7\u00e3o com larga experi\u00eancia&hellip;<\/p>\n","protected":false},"author":1,"featured_media":0,"parent":0,"menu_order":0,"comment_status":"closed","ping_status":"closed","template":"","meta":[],"_links":{"self":[{"href":"https:\/\/www.cooxupe.com.br\/exportacao\/wp-json\/wp\/v2\/pages\/19"}],"collection":[{"href":"https:\/\/www.cooxupe.com.br\/exportacao\/wp-json\/wp\/v2\/pages"}],"about":[{"href":"https:\/\/www.cooxupe.com.br\/exportacao\/wp-json\/wp\/v2\/types\/page"}],"author":[{"embeddable":true,"href":"https:\/\/www.cooxupe.com.br\/exportacao\/wp-json\/wp\/v2\/users\/1"}],"replies":[{"embeddable":true,"href":"https:\/\/www.cooxupe.com.br\/exportacao\/wp-json\/wp\/v2\/comments?post=19"}],"version-history":[{"count":1,"href":"https:\/\/www.cooxupe.com.br\/exportacao\/wp-json\/wp\/v2\/pages\/19\/revisions"}],"predecessor-version":[{"id":446,"href":"https:\/\/www.cooxupe.com.br\/exportacao\/wp-json\/wp\/v2\/pages\/19\/revisions\/446"}],"wp:attachment":[{"href":"https:\/\/www.cooxupe.com.br\/exportacao\/wp-json\/wp\/v2\/media?parent=19"}],"curies":[{"name":"wp","href":"https:\/\/api.w.org\/{rel}","templated":true}]}}