{"id":25,"date":"2016-09-28T19:00:44","date_gmt":"2016-09-28T22:00:44","guid":{"rendered":"http:\/\/127.0.0.1:8080\/cooxupe\/exportacao\/?page_id=25"},"modified":"2021-10-29T16:19:52","modified_gmt":"2021-10-29T19:19:52","slug":"nossos-clientes","status":"publish","type":"page","link":"https:\/\/www.cooxupe.com.br\/exportacao\/nossos-clientes\/","title":{"rendered":"Nossos clientes"},"content":{"rendered":"\n\n\t\t\t<img loading='false' src=\"https:\/\/www.cooxupe.com.br\/exportacao\/wp-content\/uploads\/2021\/10\/sustentabilidade-capa.jpg\" alt=\"\" \/>\t\t\t\n<h2>\n\t\tnossos<br \/><b>clientes<\/b>\n\t<\/h2>\n\t\t\t\t\t<a href=\"#\" id=\"fl-tabs--label-0\" data-index=\"0\" aria-selected=\"true\" aria-controls=\"fl-tabs--panel-0\" aria-expanded=\"true\" role=\"tab\" tabindex=\"0\">\t\t\t\tNossos clientes\t\t\t<\/a>\n\t\t\t\tNossos clientes\n\t\t\t\t\t\t\t<h3>Nossos clientes<\/h3>\n<p>O caf\u00e9 produzido na \u00e1rea de a\u00e7\u00e3o da Cooxup\u00e9 responde por mais de 70% como fina qualidade, no entanto a cooperativa \u00e9 preparada para a forma\u00e7\u00e3o de blends para atender, tamb\u00e9m, outros nichos do mercado.<\/p>\n<p>Entre os clientes da Cooxup\u00e9 est\u00e3o grandes torrefadoras e redes de cafeterias nacionais e internacionais.<\/p>\n\n","protected":false},"excerpt":{"rendered":"<p>nossosclientes Nossos clientes Nossos clientes Nossos clientes O caf\u00e9 produzido na \u00e1rea de a\u00e7\u00e3o da Cooxup\u00e9 responde por mais de 70% como fina qualidade, no entanto a cooperativa \u00e9 preparada para a forma\u00e7\u00e3o de blends para atender, tamb\u00e9m, outros nichos do mercado. Entre os clientes da Cooxup\u00e9 est\u00e3o grandes torrefadoras e redes de cafeterias nacionais&hellip;<\/p>\n","protected":false},"author":1,"featured_media":0,"parent":0,"menu_order":0,"comment_status":"closed","ping_status":"closed","template":"","meta":[],"_links":{"self":[{"href":"https:\/\/www.cooxupe.com.br\/exportacao\/wp-json\/wp\/v2\/pages\/25"}],"collection":[{"href":"https:\/\/www.cooxupe.com.br\/exportacao\/wp-json\/wp\/v2\/pages"}],"about":[{"href":"https:\/\/www.cooxupe.com.br\/exportacao\/wp-json\/wp\/v2\/types\/page"}],"author":[{"embeddable":true,"href":"https:\/\/www.cooxupe.com.br\/exportacao\/wp-json\/wp\/v2\/users\/1"}],"replies":[{"embeddable":true,"href":"https:\/\/www.cooxupe.com.br\/exportacao\/wp-json\/wp\/v2\/comments?post=25"}],"version-history":[{"count":2,"href":"https:\/\/www.cooxupe.com.br\/exportacao\/wp-json\/wp\/v2\/pages\/25\/revisions"}],"predecessor-version":[{"id":452,"href":"https:\/\/www.cooxupe.com.br\/exportacao\/wp-json\/wp\/v2\/pages\/25\/revisions\/452"}],"wp:attachment":[{"href":"https:\/\/www.cooxupe.com.br\/exportacao\/wp-json\/wp\/v2\/media?parent=25"}],"curies":[{"name":"wp","href":"https:\/\/api.w.org\/{rel}","templated":true}]}}